ivided by b?
9
Suppose 5*w - 60 = 110. Suppose -5*v = -w - 41. What is the remainder when 43 is divided by v?
13
Suppose 0*s = -4*s + 32. Let p = -52 + 75. What is the remainder when p is divided by s?
7
Suppose p - 3*p - 10 = 0, 5*p = -d - 5. Suppose 0 = 3*v - 26 - 7. What is the remainder when d is divided by v?
9
Let h(u) = -2*u + 3. Let s be h(-6). Suppose 0 = 2*t + t - s. What is the remainder when 19 is divided by t?
4
Let f(p) = 2*p**3 - 5*p**2 - 9*p + 2. Calculate the remainder when 54 is divided by f(4).
12
Suppose i = -3*o + 26, -3*o + 52 = 2*i - o. What is the remainder when i is divided by 16?
10
Let l(t) be the third derivative of -3*t**4/8 - t**3/3 + 3*t**2. What is the remainder when 29 is divided by l(-2)?
13
Let g(j) = 2*j**2 + 6*j - 30. What is the remainder when g(-8) is divided by 13?
11
Suppose -3*o - 2*x - 95 = 3*x, o + 25 = 5*x. Let w = o + 48. Calculate the remainder when 53 is divided by w.
17
Suppose 5*b + 58 = 318. Suppose 0 = 5*w + 4*o - 91, 3*o = 4*w + o - b. What is the remainder when 43 is divided by w?
13
Let b(t) = -t + 10. What is the remainder when 52 is divided by b(-8)?
16
Let y(z) = z**2 - 7*z + 9. Let v be y(6). Suppose -4*x + 41 = -v. What is the remainder when 32 is divided by x?
10
What is the remainder when 52 is divided by (5/((-125)/(-30)))/(3/20)?
4
Suppose 3*h + 3*h + 30 = 0. Let q(s) = -3*s + 1. Calculate the remainder when 61 is divided by q(h).
13
Let z(o) = o**2 + 18*o + 38. What is the remainder when z(-16) is divided by (-68)/(-18) + (-4)/(-18)?
2
Suppose 3*h - h = 0. Suppose 3*v - 31 - 20 = h. Calculate the remainder when 32 is divided by v.
15
Suppose 0 = -4*y - 35 + 15, y = 4*n - 705. Let o = n + -94. Calculate the remainder when o is divided by 21.
18
Suppose -4*p = -2*q - 18, 7 + 3 = 3*p + 2*q. Suppose -p*v = -9*v. Calculate the remainder when 3/(v + 3) - -42 is divided by 15.
13
Suppose -6*c - 1 = 5. Let m(r) = 44*r**2 - r. Calculate the remainder when m(c) is divided by 24.
21
Suppose -s = -4*i + 3*i - 1, 3*i = -4*s + 18. Suppose -5*v = -s*v - 8. What is the remainder when 6/(-4) + 50/4 is divided by v?
3
Let g(d) = d + 8. Calculate the remainder when g(9) is divided by (9 - -1*1) + -1.
8
Calculate the remainder when (-37)/(-5) + 12/(-30) is divided by 6.
1
Suppose -6*s - 2*s = -368. What is the remainder when 229 is divided by s?
45
Let b(v) = v**2 - 13*v + 15. What is the remainder when b(13) is divided by 7?
1
Let p(s) = -s**2 + 7*s - 2. Calculate the remainder when p(4) is divided by 6.
4
Let i = 8 + 6. Let r be (-14)/21 + (-2)/(-3). Suppose r*u - 160 = -4*u. What is the remainder when u is divided by i?
12
Let s(j) = -j**2 + 3*j - 2. Let t be s(2). Suppose 4*h - 590 + 26 = t. Suppose -h = -5*o + 2*o. Calculate the remainder when o is divided by 16.
15
Let g be 3 + 9/((-27)/12). Let o(x) = -x**2 - 6*x. Calculate the remainder when o(-5) is divided by 5 - (-1)/g*3.
1
Suppose r - 26 = -15. Calculate the remainder when 30 is divided by r.
8
Let k be (1 - 0)/((-3)/(-6)). Suppose -3*v = 2*f - 16, -3*f - 5*v + k*v = -21. Calculate the remainder when (f/4)/((-2)/(-48)) is divided by 16.
14
Suppose 2*b = -5*q + 92, 40 = b + 2*q - q. What is the remainder when b is divided by 10?
6
Suppose 3*d - 18 = 30. Calculate the remainder when 62 is divided by d.
14
Let j(c) = -5*c - 1. Let w be j(-2). Let q be 3/w*3 - 1. Let h(k) = -k + 2. What is the remainder when 3 is divided by h(q)?
1
Let r = -6 - -10. Suppose -r*x + 8 = -2*x. Calculate the remainder when 11 is divided by x.
3
Let m = -2 - -5. Suppose -2*c + 4*r + 84 = 10, -2*c = m*r - 46. Calculate the remainder when c is divided by 16.
13
Calculate the remainder when 89 is divided by 2/6*(65 - -4).
20
Let a = 11 - 6. Suppose 0 = -2*b - 7*n + 3*n - 70, a*n = b + 49. Let m = b + 90. Calculate the remainder when m is divided by 13.
12
Let z(o) = o**2 - o - 3. Let p(s) = 3*s**3 - s**2 + 3*s. Let w be p(4). Suppose -56 = 4*q - w. Calculate the remainder when q is divided by z(-4).
16
Suppose 4*h - 7 = -4*f + 125, 0 = -5*h + 2*f + 186. Suppose 39 = 3*n + 2*b, 0*n + h = 3*n + 3*b. Calculate the remainder when 57 is divided by n.
12
Let u(t) = 2*t**2 - 2*t + 1. Calculate the remainder when (-2*(-2)/6)/(106/3657) is divided by u(3).
10
Let x = 138 - 97. Calculate the remainder when x is divided by 25.
16
Let f = 59 + -37. What is the remainder when f is divided by 8?
6
Let x(m) = m**3 + 5*m**2 + m + 5. Let s be x(-5). Calculate the remainder when 11 is divided by (s - -7) + (-3 - -3).
4
What is the remainder when (-6)/9 + 4/12*266 is divided by 15?
13
Let q = 45 - 4. Calculate the remainder when q is divided by ((-4)/(-6))/((-13)/(-273)).
13
Suppose -3*m + 6*r + 45 = 3*r, -4*m = 2*r - 90. Let t(a) = -a**3 - 5*a**2 + 4*a - 1. Calculate the remainder when m is divided by t(-6).
9
Let p(o) = -3 - 3 + 3*o + 0. Let j = -1 - -6. Calculate the remainder when 25 is divided by p(j).
7
Suppose -2*z = -2, -2*t + 5*z - 33 = -t. Let n = 4 - t. Let b(x) = 11*x**2 - x + 1. What is the remainder when n is divided by b(1)?
10
Suppose -3*h = -5*s + 175, 0 = -2*h + h. Suppose 2*w + 49 = 5*w + 5*p, 0 = 2*w - 2*p - 38. What is the remainder when s is divided by w?
17
Suppose 30 = w + 4*w. Let r be (-2)/2 - (-67 - -1). Suppose -67 = -3*f - 4*n, -r = -w*f + 3*f - 2*n. Calculate the remainder when f is divided by 11.
10
Let w(x) = x**2 - x + 31. Suppose 43 + 68 = 3*l. Suppose -2*n - 2*k = -3*n + 15, 2*k + l = 3*n. Calculate the remainder when w(0) is divided by n.
9
Let x = 49 + -28. What is the remainder when 61 is divided by x?
19
Suppose -2*j + 14 = -10. Calculate the remainder when 47 is divided by j.
11
Let m(k) = 3 + 2 - 4*k - 2*k - 3*k. Calculate the remainder when m(-4) is divided by 14.
13
Let a(h) = 32*h**2. Let i be a(3). Calculate the remainder when 28 is divided by (-4)/14 + i/28.
8
Suppose 2*m + m - 2*f = 0, 5*m + f = 13. What is the remainder when (19/m)/((-1)/(-4)) is divided by 13?
12
Let n be (-2)/(-3)*-7*6. Let x = n + 39. What is the remainder when x is divided by 6?
5
Suppose -i + 21 = -y + 2*y, -3*y + 29 = i. Calculate the remainder when 31 is divided by i.
14
Let u(t) = t + 34. Let v(s) = -46*s**3 - 2*s**2 - s. Calculate the remainder when v(-1) is divided by u(-22).
9
Let m(f) = f**2 + 5*f + 4. Let g be m(-5). Suppose -3*v = -4*t + 6, -2*t - 5 = -g*v - t. What is the remainder when 5 is divided by v?
1
Let o(n) = 8*n**2 - n - n**2 - 3*n**2 + 2. What is the remainder when 36 is divided by o(-2)?
16
Suppose -8 = 4*m + 2*i, i = 4 - 2. Let a be (2 - m/1) + -3. Suppose 0 = -4*t + 20, -4 - 15 = -3*z - a*t. Calculate the remainder when 6 is divided by z.
0
Suppose 4*j + 2*j - 564 = 0. Suppose -a + 30 = 6. Calculate the remainder when j is divided by a.
22
Let d(z) = -z**3 + 8*z**2 - z + 3. Calculate the remainder when d(4) is divided by 33.
30
Let d(t) = t**3 + 3*t**2 - t - 4. Let x be d(-3). Let l = 2 - -4. Calculate the remainder when (x/2)/((-2)/68) is divided by l.
5
Let x = 40 - 31. Suppose 2*w + 5*l - 4 = 0, -6 + 0 = 3*l. Calculate the remainder when w is divided by (-9)/81 + 28/x.
1
Let x be (-2 + -13)*(-40)/12. Let j = x + -19. What is the remainder when 91 is divided by j?
29
Suppose 2*s - 3*f = 36, -3*s + 36 = -s - f. Suppose w - 9 = -u, 2*w = -3*w - u + 25. Suppose -w*i = -178 - 34. What is the remainder when i is divided by s?
17
Let m(w) = -w**3 - 12*w**2 - 13*w + 2. What is the remainder when 69 is divided by m(-11)?
21
Let n = 4 + -2. Suppose 0 = -3*c - 6, 3*x = -n*c - c + 45. Calculate the remainder when 49 is divided by x.
15
Let n(u) = u**2 - 10*u + 14. Calculate the remainder when 19 is divided by n(9).
4
Let k = 28 + -24. Suppose -k*i - 1 = -13. Calculate the remainder when i is divided by 1.
0
Suppose 4 = -5*w + 5*c - 1, -4 = 4*w + 4*c. What is the remainder when 4/4*(-19)/w is divided by 10?
9
Let i(m) = 4*m**2 - 3*m + 3. What is the remainder when i(2) is divided by 7?
6
Suppose j - 38 - 5 = 0. Calculate the remainder when j is divided by 9.
7
Let x(r) = r**3 + 13*r**2 - 31*r - 9. Calculate the remainder when 57 is divided by x(-15).
3
Let g = 14 - 10. Calculate the remainder when ((-10)/(-25)*13)/(2/5) is divided by g.
1
Let s be 3/(-7) - 45/(-7). Let l = 12 - s. What is the remainder when l is divided by 2?
0
Let r(n) = -n**2 - 